 divisor of j and 5?
1
Suppose -2*w = 2*p - 54, w + 3*w - 93 = -p. Suppose -w*g = -8*g - 14. Let n be (g - -3)/((-464)/(-56) - 8). Calculate the greatest common divisor of n and 42.
14
Let v be ((-8)/28*(1 - 76))/((-345)/(-4830)). Calculate the highest common divisor of v and 6400.
100
Let g = -784 - -788. Suppose -4*l + 14 = -z + l, -5*z - 5*l = -50. What is the greatest common factor of g and z?
2
Suppose 0 = 9*z + 3*k - 3636, 5*z - 4*k = 218 + 1819. Calculate the greatest common divisor of z and 60.
15
Suppose -5*p - 49 = -u, -2*p + 14 = 60*u - 58*u. What is the greatest common factor of u and 4669?
7
Suppose 147*q - 1463 = 128*q. Let u = -13 - -23. Let d(f) = f**2 - 10*f + 11. Let o be d(u). Calculate the greatest common factor of q and o.
11
Let j(p) = 4*p**2 - 628. Let s be j(0). Let v be -6 + (1 - s/4). Calculate the greatest common factor of 16 and v.
8
Suppose 38*j = 496 + 416. Let l(g) = 6*g**2 + 2*g - 1. Let t be l(1). Let y be t*(-4)/(-6)*j. What is the highest common factor of 14 and y?
14
Let o be (-5)/(4 + -3 - 2). Suppose 4*u - 10 = 2*w, 0 = -0*u - o*u + 3*w + 15. Suppose 28 = 2*k - u. Calculate the highest common divisor of k and 126.
14
Let h = 7124 + -7088. Calculate the greatest common factor of h and 4734.
18
Suppose 4 = -4*r, -871*t - 145 = -876*t - 5*r. Suppose -3*p + 2*p - 21 = -2*q, -2*q = -5*p - 9. What is the highest common factor of q and t?
6
Let a(y) = 201 - 33 - 12396*y + 12392*y - 19. Let i be a(11). What is the highest common divisor of 75 and i?
15
Let u(k) = -107*k + 707. Let c be u(-7). Calculate the greatest common divisor of 784 and c.
112
Suppose 82*u + 8167 - 22189 = 0. Calculate the greatest common factor of u and 1159.
19
Let q(n) = -12*n + 568. Let p be q(9). What is the highest common divisor of 100 and p?
20
Let n = 10 - 8. Let z = n + 19. Suppose 1963 = 38*t - 1229. Calculate the greatest common factor of z and t.
21
Suppose -4*r = 4*t - 35560, 144*t - 140*t - 3*r = 35609. What is the highest common factor of 123 and t?
41
Suppose -22 = -2*x - 5*o + 90, -4*x - 2*o + 224 = 0. Suppose -4*s = 4*g - 2900, 16*s - 20*s = -g + 740. Calculate the greatest common factor of x and g.
56
Suppose -4*u = -3*l - 753, -6*l + l = 2*u - 383. Let g(d) = 3*d**2 + 8*d - 7. Let n be g(-7). Let a = u - n. Calculate the highest common factor of a and 15.
15
Let l be (-27900)/(-105) - 2/(-7). Let n be l/4 + 24/(-16). Suppose 35 = 3*m - z, 2*m = -0*z + 5*z + 6. What is the highest common factor of m and n?
13
Let g(f) be the first derivative of -f**3/3 + 9*f**2/2 - 3*f + 32. Let a be g(8). Calculate the highest common factor of a and 10.
5
Let j = 599 - 571. Calculate the greatest common factor of j and 287.
7
Suppose 6*g = 340 - 256. Let v = -48 + 85. Suppose l - v = 12. What is the greatest common divisor of g and l?
7
Let s(k) = 49*k - 25. Let y(m) = -8*m + 4. Let l(w) = -6*s(w) - 34*y(w). Let q be l(-15). Suppose 5*b + 74 = q. What is the greatest common divisor of 6 and b?
6
Let o(s) be the first derivative of 5/2*s**2 + 2*s**3 - 30 + 3*s. Let i be o(-2). Calculate the greatest common divisor of 68 and i.
17
Suppose -55*x + 2872 = -63*x. Let p = 370 + x. Let z be 2/(-4) - (-69)/6. What is the greatest common factor of p and z?
11
Let s = 7102 - 5191. What is the highest common factor of 399 and s?
21
Let h(a) = -a**2 + 7*a + 9. Let w be h(7). Suppose -2*s = -15 - w. Let f = -89518 - -89522. Calculate the greatest common divisor of s and f.
4
Let q be 24*(91/(-130))/(2/(-5)). Let f be (4/6)/((-1)/(-9)). What is the greatest common factor of q and f?
6
Let g be ((-24)/(-33))/4 - (-10075)/(-55). Let a = -165 - g. Calculate the highest common divisor of a and 54.
18
Suppose -2046 = -k - 2019. Let d be (220/(-90))/((-6 - -3)/k). Calculate the highest common factor of 110 and d.
22
Suppose 5*d + 1 = 11. Let t be 5*(-2)/(-4)*d. Suppose -72*x + 553 = -11*x - 362. Calculate the highest common divisor of t and x.
5
Let a(n) = 17*n**2 - 94*n - 545. Let o be a(-8). What is the greatest common factor of 315 and o?
35
Suppose -r = -5*m + 9, 38 + 13 = -3*r + 3*m. Let l be (-779)/r - (7 + 1). What is the greatest common divisor of l and 22?
11
Let g be ((-1)/2)/(1/(-468)). Calculate the greatest common divisor of 360 and g.
18
Suppose -8*b + 10123 + 3597 = 0. What is the highest common factor of b and 10?
5
Let y be -1*3/(6/(-160)). Suppose q = -24*u + 80, 2*u - 36 = -186*q + 185*q. Calculate the greatest common factor of q and y.
16
Let g(x) = 4*x**2 + 11*x - 16. Let z be g(5). Let s = -156 + z. Let b be -4 - s*5/5. Calculate the highest common factor of 104 and b.
13
Suppose -6*t + 2*t = -16. Suppose 4*x + 0*x - 5*y - 948 = 0, -x + 230 = -3*y. Suppose x = t*s + 22. What is the greatest common factor of s and 11?
11
Suppose -6 = -262*n + 261*n, -417 = -5*z - 2*n. Suppose -w + 110 = 2*c, 3*c - 156 = -0*w + 3*w. Calculate the highest common factor of c and z.
27
Let z be 4/22 + 42514072/2684. What is the greatest common divisor of 10 and z?
10
Let o = 99 - -18. Suppose 26198 = -4*y - 1942. Let s be (-2)/12 + y/(-90). Calculate the greatest common factor of s and o.
39
Suppose 3*a - 6*t = 303, 3*a - 5*a - 4*t = -170. Calculate the highest common factor of 78 and a.
3
Suppose y - 11641 = 393*p - 396*p, -p = 5*y - 58303. What is the highest common divisor of y and 34?
34
Suppose 0 = -9*h + 2556 - 522. Suppose 38*k - 40*k + h = 0. Suppose -k = -3*u - 53. What is the greatest common factor of 50 and u?
10
Let d = -36 - -78. Suppose 2*j + 461 = -3*x, -50*j = -46*j - 3*x + 931. Let n = j + 253. Calculate the greatest common factor of n and d.
21
Let n = 6234 - 6129. Suppose 3*s = -5*c + 35, 2*c = c - 2. Calculate the greatest common factor of s and n.
15
Let a = 1234 - 322. What is the highest common factor of a and 171?
57
Let z = 550 + -477. What is the greatest common factor of z and 1314?
73
Let r(m) = 16*m**2 - 47*m - 266. Let l be r(-6). Calculate the greatest common factor of 370 and l.
74
Suppose -828 = -3*x - 816. Let p(b) = 41*b**2 + 26*b + 8. Let r be p(x). Calculate the highest common divisor of 24 and r.
24
Let o(j) be the third derivative of 5*j**4/24 + 15*j**3/2 - 24*j**2. Let q be o(0). Suppose -4*l - q = -945. Calculate the greatest common factor of l and 45.
45
Let c be (-4)/10 - (-142)/5. Suppose -35992*q - 24332 = -36150*q. Calculate the highest common divisor of q and c.
14
Let w be 48/(-6) - (-2 + 2). Let g be (-1)/2 + (-444)/w. Suppose 4*m - 94 = -5*v, -2*v = -7*v + m + 114. What is the highest common factor of v and g?
11
Suppose -1184*k = -1227*k + 1428030. Calculate the greatest common divisor of 54 and k.
54
Suppose -h = -5*i - 10, 4*h + 8 = -4*i + 48. Calculate the highest common factor of h and 1670.
10
Let w(i) = i**3 + 7*i**2 - 7*i - 42. Let f be w(-7). Let d be 58/10 - (-1)/5. Suppose -d*q - 20 = -f*q. Calculate the greatest common divisor of 5 and q.
5
Suppose -3*d + 3*a = -465, 513 = 3*d + a + 60. Calculate the greatest common divisor of d and 184.
8
Suppose -4*b + 3 + 21 = 0. Suppose -15 = 5*x - b*x - 4*y, 2*y + 78 = 4*x. Calculate the highest common factor of 703 and x.
19
Let i be (0 - 2 - -3)*(-1 + 6). Suppose -i*u = l - 182, 219 = 5*u - 4*l + 22. Calculate the highest common factor of u and 333.
37
Let x(y) = 5*y + 299. Let k be x(-35). Calculate the greatest common factor of 3131 and k.
31
Suppose 48*p = 64*p - 64. Let q be 618/p + 9/6. Calculate the greatest common divisor of q and 117.
39
Suppose -12*o = 4814 - 4838. Let a = -2 + 30. Let d be ((-1050)/a)/(o/(-4)). What is the highest common divisor of 15 and d?
15
Suppose g - 231*x + 226*x - 823 = 0, 4*g - 2*x = 3184. Calculate the highest common divisor of 221 and g.
13
Suppose 3*l + 2*s + 14382 = 53650, -5*s = l - 13111. Calculate the highest common divisor of l and 18.
18
Let u be (-72)/(-20)*(-3)/((-9)/15). Suppose -2*r + 204 = 2*j, 0 = 5*r + 2*j - 472 - 29. Calculate the greatest common factor of r and u.
9
Let p be 14/(1/(15/6)). Let u = 4456 - 3651. Calculate the highest common factor of u and p.
35
Let i(q) = q**3 - 4*q**2 + 72*q - 330. Let k be i(5). What is the greatest common factor of k and 85?
5
Let u(x) = 470*x**3 + 2*x - 2. Let y be u(1). What is the highest common divisor of y and 846?
94
Suppose 31*o - 5*z = 32*o - 598, 0 = -5*o 